5*s + 4*d - 403 = 0. What are the prime factors of s?
83
Let q(c) = 5*c - 11. Let v = 12 - 26. Let j = v - -19. What are the prime factors of q(j)?
2, 7
Let s(v) = 550*v**3 - 17*v**2 + 29*v + 2. What are the prime factors of s(2)?
2, 3, 61
Suppose 0*l = -3*l + 255. Suppose -a + 6*a + l = 0. Let h = a + 32. What are the prime factors of h?
3, 5
Suppose 1307 = y - 969. What are the prime factors of y?
2, 569
Suppose -l - 4*a = -2*l, 0 = -2*l + 4*a. Suppose -t = -l*t - 125. What are the prime factors of t?
5
List the prime factors of (-6)/(-15) - (-3 - (-5926)/(-10)).
2, 149
Let s(j) = 2*j**2 + 2*j + 34. List the prime factors of s(18).
2, 359
Let g(i) = i**3 + 3*i**2 - 4*i + 3. Let c be g(-4). Let x = c - -1. Suppose -x*y - 3*u = -158, -2*u + u = y - 40. List the prime factors of y.
2, 19
Suppose -4*h + 2 = -5*r, -2*h = 2*h - 4*r. Let u be (-59)/((-2)/h - 2). Suppose -4*w = -u + 3. List the prime factors of w.
2, 7
Let q = 93 + -38. Suppose -57 = -4*a + q. What are the prime factors of a?
2, 7
Suppose 10 = 4*x + 2. Suppose x*p - 198 = -2*u, 3*u - 106 = -2*p + 92. What are the prime factors of p?
3, 11
Suppose -5*k = 8*k + 26. List the prime factors of (12/30)/(0 + k/(-60)).
2, 3
Suppose 5*x + 2*s - 205 = 0, 0 = 4*x - 3*s - 0*s - 187. Let f = x + -29. List the prime factors of f.
2, 7
Let g be 0 + -4 + 7 - 11. Let b = g - -47. Let d = b + -28. What are the prime factors of d?
11
Let j(f) = -15 - 9 - 5 - f + 3*f. Let z be j(13). List the prime factors of (1 - (2 + z))/1.
2
Let p = -32 + 149. Let m = p - 55. What are the prime factors of m?
2, 31
Let l(y) = -30*y - 40. What are the prime factors of l(-5)?
2, 5, 11
Suppose -4*p = 5*n - 7, -2*n + n + 11 = 4*p. Suppose -4*t = 5*k + 295, 3*t = 2*t - p*k - 72. Let z = -3 - t. List the prime factors of z.
2, 3
Suppose -3*j + 0*j + 105 = 0. Suppose 2*g + a = -j + 97, -2*g - 3*a + 66 = 0. Suppose -d = -g - 3. List the prime factors of d.
3, 11
Let n(k) = k**3 - k**2 - 2*k + 1581. List the prime factors of n(0).
3, 17, 31
Let h(d) = -d**3 - d**2 + 1084. List the prime factors of h(0).
2, 271
Suppose 0 = 5*p - 4*a - 5628, 5*p + 842 = -a + 6485. What are the prime factors of p?
2, 3, 47
Suppose -7*t + 2219 + 1939 = 0. List the prime factors of t.
2, 3, 11
Let f be (-16)/3 - 5/(-15). Let n be 1077/(-18) + f/30. Let q = -39 - n. What are the prime factors of q?
3, 7
Let o(q) = 5678*q**2 + 5*q + 10. List the prime factors of o(-1).
5683
Let l be (-48)/(-21) - (-4)/(-14). Let h be l - -5*6/(-15). What are the prime factors of (4 - -60) + (h - 2)?
2, 31
What are the prime factors of (-3610 - -174)/(-1 - 1)?
2, 859
Suppose -8 = -2*x - 3*o, 0*x + 3*x - 4*o + 5 = 0. What are the prime factors of ((-506)/44)/(x/(-2))?
23
Let a be (-12)/(-54) - (-34)/9. Let m be (168/a)/(6/(-4)). Let v = m + 51. What are the prime factors of v?
23
Let o(x) = -x**3 + 5*x**2 + x - 2. Let l be o(5). Suppose -3*u + l = -6. Suppose 0 = -3*m + u, 2*m + 20 + 3 = j. What are the prime factors of j?
5
Suppose -2*t + t = 2*v - 102, 3*v = t + 153. Suppose 2*h - k + 1 = 0, 0*k - 10 = -2*k. Suppose v = -h*i + 133. What are the prime factors of i?
41
Suppose 12*l + 72 = 3*l. What are the prime factors of (-1356)/(-16) + (-2)/l?
5, 17
Let k = 1518 - 768. What are the prime factors of k?
2, 3, 5
Suppose 0 = -5*r - q - 3 - 12, -r + 3*q - 19 = 0. Let x be 0/(-7)*2/r. Suppose -5*v + 25 + 65 = x. List the prime factors of v.
2, 3
Let p(w) = -w**3 - 5*w + 174. List the prime factors of p(0).
2, 3, 29
Let o(f) = f**3 + f**2 + 422. List the prime factors of o(0).
2, 211
Let j = 64 - -301. What are the prime factors of j?
5, 73
Let f = -508 + 1353. List the prime factors of f.
5, 13
Let l be 1*7 - (-1 + 3). Suppose l*p = -0*p - 10. List the prime factors of (-138)/(-3)*p/(-4).
23
Let x(b) = 3*b**3 - 3*b**2 - 16*b - 5. What are the prime factors of x(6)?
439
Let x(h) = -2*h**3 - 6*h**2 + h + 8. What are the prime factors of x(-4)?
2, 3
Let q(j) = j - 10. Let w be q(0). Let m(b) = b**2 - 14*b - 20. Let a be m(15). Let t = a - w. What are the prime factors of t?
5
Let c(m) = 4 - 3*m + 0 + 13 - 4*m. List the prime factors of c(-8).
73
Let v = 2 + 6. Let y(k) = k**3 - 8*k**2 + 8*k. What are the prime factors of y(v)?
2
Suppose -139 = -3*n + 2*i + 85, -3*n + 3*i + 225 = 0. Suppose -c - t = -3*t - n, 0 = 5*t - 20. What are the prime factors of c?
2, 41
Suppose -5*k + 759 = 2*t, 2*t - 4*k + 3*k = 765. Suppose 6*d - 164 = t. List the prime factors of d.
7, 13
Let k(w) = w**3 - 8*w**2 - 9*w + 4. Let g be k(9). Suppose -g*s + 963 = 5*o, -4*o + 3*s + 634 = -155. What are the prime factors of o?
3, 5, 13
Let p(n) = -n**3 - 16*n**2 + 93*n - 115. List the prime factors of p(-27).
5393
Let s(z) be the first derivative of z**4/4 - 10*z**3/3 + 9*z**2/2 + 7*z + 15. What are the prime factors of s(9)?
7
Let p = -11 - -38. Let t(j) = -j**3 + 4*j**2 - 9*j + 13. Let k be t(4). Let w = p + k. List the prime factors of w.
2
Suppose 8*p - 10*p = 268. Let l = p + 291. List the prime factors of l.
157
Suppose 2*d + v + 11 = 0, 0 = 4*d + 5*v + 11 + 26. Let a be -4*(-9)/12 + d. What are the prime factors of 24*(a - (-3)/6)?
2, 3
Suppose 6 = 3*c, 5*k - 101 + 5 = 2*c. Let d = k + -20. Let g(l) = l**2 - l + 14. What are the prime factors of g(d)?
2, 7
Let g(v) = -v**2 + 10*v + 12. Let o be g(9). Let w = -19 + o. Suppose 2*c - 90 = -0*k + w*k, 3*c + 2*k = 135. What are the prime factors of c?
3, 5
Let w = 60 + -21. Let k = 89 - w. What are the prime factors of k?
2, 5
Let t(s) = -249*s - 721. What are the prime factors of t(-24)?
5, 1051
Let t(m) = m + 4. Let y be t(-31). Let h = 160 - y. What are the prime factors of h?
11, 17
Let g be (-245)/85 - (-4)/(-34). List the prime factors of g/(-2)*(3 - -7).
3, 5
Suppose -2*t + 2*j + 26 = 0, 0*t + 4*j = -4*t + 12. Suppose -12*i = -t*i - 456. What are the prime factors of i?
2, 3, 19
What are the prime factors of 7 + (-16)/(128/(-15672))?
2, 983
Suppose -5*p + 59*q = 61*q - 16392, 5*q = p - 3273. List the prime factors of p.
2, 11, 149
Let f be ((42/9)/(-1))/(8/(-156)). Let g = f + 4. What are the prime factors of g?
5, 19
Suppose j - 766 - 816 = 0. List the prime factors of j.
2, 7, 113
Suppose t = -5, 5*t = 11*z - 15*z + 3683. List the prime factors of z.
3, 103
Let u(y) = y**3 - y**2 + y. Let c(b) = 5*b**3 - 16*b**2 + 10*b + 13. Let g(q) = -c(q) + 6*u(q). Let j be g(-10). Let n = 42 - j. List the prime factors of n.
3, 5
Let i = 3371 + -1167. List the prime factors of i.
2, 19, 29
Suppose c = 4*t + 813, c = 4*t + t + 816. List the prime factors of c.
3, 89
Suppose -3*f + 9 = 3. List the prime factors of f/(-9) + (-2636)/(-36).
73
Suppose 0 = -5*g + 225 - 10. Suppose -5*j + 2*m = 147, -4*j - 135 = j - 5*m. Let l = g + j. What are the prime factors of l?
2, 3
Suppose -5*k = s - 411, -3*s + 0*k = 3*k - 1173. Suppose -2*l + 0*l = -s. What are the prime factors of l?
193
Suppose -d + 195 = 3*q + 3*d, -2*d = -2*q + 116. Suppose -209 = -5*z + q. List the prime factors of z.
2, 3
Let h be (-578)/(-8) - 4/16. Suppose 0 = 2*y + 2*y - h. Suppose 0*r - r - j = -y, -4*r + 5*j + 27 = 0. What are the prime factors of r?
13
Let u = -22 - -38. Let h = u + -5. List the prime factors of h.
11
Suppose -6*u + 2*u - 24 = 0. What are the prime factors of (91 - u) + (-2 - -2)?
97
Suppose -4*u - 2*i - 2*i = -2012, 2*i = -4*u + 2014. What are the prime factors of ((-2)/6)/((-6)/u)?
2, 7
What are the prime factors of (-232)/(-754) - (-29207)/13?
3, 7, 107
Let i(z) = 3*z + 22. Let g be i(-9). Let r(n) = -10*n - 3. What are the prime factors of r(g)?
47
Suppose 5 + 3 = 4*s. Suppose -s*q - 3*q = 0. Suppose 2*r = -5*d + 77, 3*r + 4*d = -q*d + 112. What are the prime factors of r?
2, 3
Let b(a) = -3*a - 16. Let y be b(-6). Suppose g + y*k = 48, g - 53 = 3*k - 4*k. List the prime factors of g.
2, 29
Let m(u) = u**3 - 2*u + 1. Let b be m(1). Suppose 3*o = -12, 0 = 3*r + o - 416 - 318. Suppose -6*j = -b*j - r. List the prime factors of j.
41
Let j(u) be the first derivative of -u**3/3 - 5*u**2/2 + 15*u - 13. Let q be j(-9). Let h = 32 + q. List the prime factors of h.
11
Let z be ((-32)/(-80))/(2/10) - -971. Suppose 6*n + n - z = 0. What are the prime factors of n?
139
Suppose 23*z + 1624 = 31*z. What are the prime factors of z?
7, 29
Let m be 4/(-10) + (-4)/(-10). Suppose m*